 by 121?
113
Let w(j) = 4*j**2 + 33*j + 12. Let f be w(-8). What is the remainder when 459 is divided by (55/22)/(f/16)?
9
Let k(r) = -r**2 + 11*r - 6. What is the remainder when 24 is divided by k(6)?
0
Let m(d) = d**2 + 28*d + 45. Let q(w) = -w**2 - 3*w - 9. Let s be q(-6). What is the remainder when m(s) is divided by (-2)/7 + 51/7?
4
Let k = 455 + -200. Suppose w - 102 = k. Calculate the remainder when w is divided by 40.
37
Calculate the remainder when (-7485660)/(-1386) - (-2)/22 is divided by 73.
72
Suppose 4*d + 7*m = 668, -963*d + 965*d + 2*m - 328 = 0. Calculate the remainder when d is divided by 48.
16
Let c be (-12)/14 - (-100)/(-70)*-2. Suppose 5*k = -v + 116, -c*v + 131 = 3*k - 87. Calculate the remainder when v is divided by 36.
34
What is the remainder when -1 + 3649 + 8/8 + 2 is divided by 14?
11
Let v(u) = 2*u**2 + 18*u - 414. Calculate the remainder when 466 is divided by v(-20).
24
Suppose d + 9 = 22. Suppose -4*b - 44 = -4*c, 3*c - 1 = -3*b - 4. Let z(m) = 3*m**2 + 12*m - 1. What is the remainder when z(b) is divided by d?
9
Let y be (-33 - -51)*83/2. Suppose 5*g - 3*t - y = -5*t, 5*g = 2*t + 743. Calculate the remainder when g is divided by 30.
29
Let l = -31 - -143. Suppose -5*x + 480 = 5*o, 0 = -4*x + 3*o - 5*o + 376. Let i = l - x. What is the remainder when i is divided by 7?
6
Suppose z - 5187 - 717 = -17*z. What is the remainder when z is divided by 14?
6
Let g be (((-9)/(-2))/(-3))/((-3)/26). Suppose 0 = -195*n + 196*n - g. Suppose 4*a = 20 + 8. What is the remainder when n is divided by a?
6
Calculate the remainder when 1066 is divided by 4/(3*(-2)/3) - 76*-1.
30
Let i = -12329 - -12553. What is the remainder when i is divided by 13?
3
Suppose 198 = 4*u - 218. Let i = u - 96. What is the remainder when i is divided by 2*((-5)/(-2) - 3) + 5?
0
Let i = -312 + 317. Suppose 61 = i*p + w - 12, -3*p - 2*w = -48. What is the remainder when 49 is divided by p?
7
Calculate the remainder when 273 is divided by 60/1350 + (-3504)/(-135).
13
Let s = 187 - 140. Let v = 45 - -23. Suppose v = 5*z + 3*t, -5*t - 8 = 5*z - 78. Calculate the remainder when s is divided by z.
8
Let r = 32 - 25. Suppose -r*m + 15 - 1 = 0. What is the remainder when 38 is divided by 284/14 - m/7?
18
Let q(s) = 26*s - 366. Calculate the remainder when 906 is divided by q(17).
70
Let x = -38 - -112. Calculate the remainder when x is divided by 7 + ((-27)/135 - ((-6)/(-15))/(-2)).
4
Let l = -395 + 559. Let g = l - 97. Suppose 622 = 4*o + 5*t - g, -t = -1. What is the remainder when o is divided by 43?
42
Suppose -267*i = -204*i - 1323. Calculate the remainder when 982 is divided by i.
16
Let y(z) = z**2 - 72*z + 1341. Calculate the remainder when y(60) is divided by 8.
5
What is the remainder when 152 is divided by 49 + (21/(-7) - (2 - 1 - 1))?
14
Let b = 3297 + -3289. Calculate the remainder when 10087 is divided by b.
7
Suppose 14 = -3*l + 92. What is the remainder when (6/(-5))/((-60)/3400) is divided by l?
16
Let c = -31 - -21. Let x = 36 - c. What is the remainder when x is divided by 170/7 + (-2980)/140 + 21?
22
Suppose 2*l + 5*t = -27, 4*t = 4*l - 2*l. Let d be (l - -1)/(1 - (-84)/(-90)). Let z = d + 95. Calculate the remainder when 74 is divided by z.
14
Let d(l) = -l**2 + 36*l - 238. Calculate the remainder when d(12) is divided by 35.
15
Let i(n) = -n**3 - 74*n**2 + 65*n - 486. Let h(s) = 15*s**3 - s**2 - s + 1. Calculate the remainder when i(-75) is divided by h(1).
12
Let a = 23 + -17. What is the remainder when a is divided by 1/3*-5*225/(-125)?
0
Let s(v) = v**2 - 9*v + 9. Let x = 123 - -372. Calculate the remainder when x is divided by s(11).
30
Let f be (-150)/(-35) - (-2)/(-7). Suppose w - 10 = -4*a, -4*a + f = -0*a + 4*w. What is the remainder when 83 is divided by -1*a - (-37 + 13)?
20
Suppose -14 = -r + a, -7*a - 6 = -r - 2*a. Let g be 2/(-8) - ((-2340)/r - 3). Suppose -8*z + 3 + g = 0. What is the remainder when 170 is divided by z?
18
Let p(v) = -v**3 + 94*v**2 + 709*v - 184. Calculate the remainder when 1929 is divided by p(101).
3
Suppose 16*j - 225*j = -7528 + 1049. What is the remainder when 340 is divided by j?
30
Suppose 0 = -18*x + 27*x - 234. Calculate the remainder when 358 is divided by x.
20
Suppose 0 = s - d - 4, -10*s + 30 = -7*s - d. What is the remainder when 4140 is divided by s?
6
Let d be 1/4*20*166. Suppose 2*x = 4*w + d, 5*x - 1665 = x + 3*w. Calculate the remainder when x is divided by 38.
37
Suppose 2*x - 11 = -7. Let p be ((-7)/(-14))/(x/688). Let l = p - 95. What is the remainder when l is divided by 13?
12
Suppose 0 = -18*c - 11*c + 319. Suppose 14*f + 4*x - 1207 = c*f, f = -x + 403. Calculate the remainder when f is divided by 51.
48
Calculate the remainder when (112/12)/((-1656)/(-405) - 4) is divided by 99.
6
Let q(s) = -s**3 - 62*s**2 - 383*s + 397. Calculate the remainder when q(-55) is divided by 50.
37
What is the remainder when 193 is divided by 25*(-6)/5*-1*145/290?
13
Let h be (15/(-9))/((-12)/2376). Let m = 357 - h. Calculate the remainder when 144 is divided by m.
9
Let v(l) = 5*l + 55. Suppose 2*k + 15 - 3 = 0. Let t(c) = 11*c + 112. Let n(r) = k*t(r) + 13*v(r). Calculate the remainder when 31 is divided by n(25).
13
Let t = 92 - 36. Let u(r) = r**3 + 30*r**2 - 63*r + 53. Calculate the remainder when t is divided by u(-32).
14
Let y = 22158 + -21278. What is the remainder when y is divided by 168?
40
What is the remainder when 203 is divided by (-961)/124*80/(24/(-6))?
48
Let m = 44 + -14. Let c(a) = -a**3 + 9*a**2 + 28*a - 211. What is the remainder when c(9) is divided by m?
11
Suppose 5*g + 4*l - 31 = 0, 3*g = -l + 7 + 6. Let m = 14780 + -14768. Suppose -g*n + m = -2*n. Calculate the remainder when 45 is divided by n.
9
Suppose -3*r = 12, -3*q - 5*r + 0 + 1 = 0. Let w(v) = -10 - q + 20 + 9*v. Calculate the remainder when w(3) is divided by 16.
14
Let x be 374/(-5) - ((-36)/(-5) - 7). Suppose -3*t + 100 = 2*t. Calculate the remainder when t is divided by x/(-20) + 8 - 2/(-8).
8
Suppose -7818*b = -7693*b - 121875. Calculate the remainder when b is divided by 45.
30
Let k be 52/3 + (-12)/9. Suppose k*w - 132 = 5*w. What is the remainder when 27 is divided by w?
3
Let m = -6691 + 6706. Calculate the remainder when 1868 is divided by m.
8
Suppose 7*g - 76 = -34. Calculate the remainder when (-3)/(1*(-15)/265) is divided by g.
5
Suppose -4*d + 189 = 77. Let j be -3*(-1 - -2) + d + -29. Calculate the remainder when 45 is divided by 24/((26/(-8) - -3)*j).
21
Suppose 2095 - 28 = 13*x. Let m(y) = y**3 + 7*y**2 + 5*y + 8. Let f be m(-8). Let c = f + x. What is the remainder when c is divided by 13?
11
Let w(j) = j**3 - 28*j**2 - 59*j - 27. Let f be w(30). Let y = f + 13. What is the remainder when 110 is divided by y?
14
Let r(g) = g**3 - 23*g**2 + 7*g - 71. Calculate the remainder when r(23) is divided by 50.
40
Suppose 5*p - 21068 = -c, -339*p + 338*p + 3*c + 4204 = 0. What is the remainder when p is divided by 38?
33
Let p = 3553 + -1929. What is the remainder when p is divided by 163?
157
Suppose -13 + 5 = -4*s. Let b be ((-2)/(-4))/(51/510). Suppose s*a - 19 = 5*c, 0 = -5*a - 2*c + b*c + 19. Calculate the remainder when a is divided by 1.
0
Suppose -5*u = 4*g - 5591, -2*u + 5*g = -1286 - 990. What is the remainder when u is divided by 369?
16
Let l = 140 + -112. Let j(m) = 362*m**2 + 1. Let h be j(-1). Let b = -252 + h. What is the remainder when b is divided by l?
27
Suppose -3*c - 38 = 4*q, 2*c - q + 22 = c. Suppose 0 = -5*j - 13*j + 972. Calculate the remainder when 8 is divided by (-124)/c + 2/j*3.
1
Let q = 1112 - 125. Calculate the remainder when q is divided by 33.
30
Suppose 4*s - 3*u = 358, -5*s + 420 = -5*u - 30. Calculate the remainder when 103 is divided by s.
15
Let o(t) = -3*t + 2. Suppose 3*j + 23 - 35 = 0. Let m = j - -16. Calculate the remainder when m is divided by o(-3).
9
Let g be (-6)/((-34)/16 + 2). Suppose -2*o + 18 = -4*b, -3*o - b = -0*o - g. What is the remainder when 24 - (-6 - (-12)/4) is divided by o?
12
Suppose -3*z = 4*r - 10345 - 6808, 0 = -3*r - 4*z + 12877. Calculate the remainder when r is divided by 63.
62
Suppose -y + 1 = 0, n - 2*y + 5 = 59. Calculate the remainder when n is divided by 51.
5
Calculate the remainder when (1 - -11) + (-31 - -1774) is divided b